 - 6 = 6. Let t(c) = c**2 - l*c + 2*c - 4 + 8 - 4*c. Let s(q) = 55*q - 546. Let o be s(10). Give t(o).
0
Let v be 4/((-3 - 695/(-230))*1). Let s = v + -182. Let z(i) be the second derivative of i**4/6 - i**3/3 + i. Calculate z(s).
4
Suppose h = 4 - 8, 5*w - 77 = -2*h. Suppose 4 = 5*s - u + 9, -w = -4*s + 5*u. Let m(t) = t - 2. Calculate m(s).
-4
Let j(h) = -h**2 - 3*h + 2. Let x be j(-5). Let w = x - -1. Let n(f) = -918*f**2 - 9 - 9*f + 7 + f**3 + 924*f**2. Calculate n(w).
12
Let w(x) = 15 - 4*x - 3*x + 5*x. Suppose -6*b = -133*b + 1397. Calculate w(b).
-7
Let s = -418 + 444. Let x(q) = 2*q - 49. Calculate x(s).
3
Let h(x) = 5 - 3*x + 0*x + 4*x. Suppose 94*w - 5*i = 89*w + 40, -4*w = -3*i - 31. Determine h(w).
12
Let h(m) = 372 + 379 - 765 - 2*m**2 - 2*m. Give h(-3).
-26
Let t(l) = 4 + 5 - l + 3*l - l. Let w = -10 - -16. Suppose -w*h - 44 = -2*h. What is t(h)?
-2
Let f = -7 - 4. Let p(n) = n**3 + 15*n**2 - 2*n + 10. Let l(w) = 3*w**3 + 47*w**2 - 7*w + 31. Let b(o) = -2*l(o) + 7*p(o). Give b(f).
8
Let g(q) = -q + 8. Let r(a) = -2*a + 19. Let y(m) = 11*g(m) - 6*r(m). Let f be y(20). Let j(x) be the third derivative of x**4/24 - x**3/2 + x**2. What is j(f)?
-9
Let g(l) = 8*l - 14. Let w(s) = -58*s + 2548. Let h be w(44). Calculate g(h).
-46
Let d(c) be the third derivative of -c**4/8 + c**3/6 - c**2. Suppose f = j - 12, 82707*f = -j + 82704*f - 52. What is d(j)?
13
Let k(i) be the second derivative of 0 - 8*i - 1/24*i**4 + 0*i**2 + 7/3*i**3 - 3/40*i**5. Let a(u) be the second derivative of k(u). Determine a(1).
-10
Let q(j) = 2*j**2 - j + 8. Let d(h) = 15*h**2 - 5*h + 3. Let a(g) = d(g) - q(g). Give a(-1).
12
Let z(x) = 1453*x - 23248. Let u be z(16). Let o(d) = -3*d + 2 + 0*d + 6. Let r(m) = 4*m - 8. Let b(n) = -5*o(n) - 4*r(n). Give b(u).
-8
Let g be ((-64)/48)/(2/(-15)). Let n(k) = -2*k**2 + 11*k + 17. Determine n(g).
-73
Let d(i) be the first derivative of i**4/4 + i**3/3 - i**2 + 11*i + 5173. Determine d(0).
11
Let z(g) = 2*g + 21. Let i(h) = -730*h + 3653. Let n be i(5). Give z(n).
27
Let a(d) be the second derivative of d**4/12 + 4*d**3/3 + 13*d**2/2 + 521*d. Give a(-4).
-3
Let p(r) = r**3 + 22*r**2 + 38*r - 38. Let h = -9815 - -9795. Determine p(h).
2
Let d(n) be the first derivative of n**4/2 - 2*n**3/3 + n - 2046. Let o be 2/4*-1*-2. Give d(o).
1
Let m(n) be the second derivative of -n**4/12 - 11*n**3/6 - 41*n**2/2 - 36*n + 9. Determine m(-9).
-23
Let f be (0 - (-4)/3)*(-18411)/(-34). Let b = 729 - f. Let n(x) = -2*x**2 + 14*x + 10. Calculate n(b).
10
Let v be -17 + -20 + 40 - ((-5)/(-3))/1. Let f(d) be the second derivative of 5/2*d**2 - 1/12*d**4 - 18*d - v*d**3 + 0. Give f(-8).
5
Suppose -16 = -5*u + 3*o - 15, u = 4*o - 10. Let z(a) = 3*a**2 + 32*a - 25*a + 5 - 3*a**2 + a**u. Determine z(-4).
-7
Let u(z) = -z**2 + 29820*z - 6 - 29811*z + 12. Give u(8).
14
Let l(v) = 3*v**2 - 16*v - 44. Let j(a) = 25*a - 2529. Let m be j(101). What is l(m)?
68
Let q = -19523 - -19529. Let r(z) = -9*z + 51. Calculate r(q).
-3
Let y(t) = t**3 - 2*t**2 + 4*t + 5. Let z(s) = 2*s**3 - s**2 + 3. Let b(a) = 3*y(a) - 2*z(a). What is b(-6)?
9
Suppose 25*x + 48 = -3*x + 4*x. Let n(i) = 11*i**2 + i. Give n(x).
42
Let v(a) = -2*a**2 - a. Suppose 126 = -15*f + 156. Suppose 10 = 4*q + q + z, -8 = f*q - 2*z. Give v(q).
-3
Let b(d) be the first derivative of 77 + 1/4*d**4 + 0*d**2 + 7*d + 1/3*d**3. Let k be ((1 - 1)*-1)/(-2). Calculate b(k).
7
Suppose 5*c = 54 + 111. Suppose c*b = 27*b + 6. Let g(a) = 2*a - 2. Calculate g(b).
0
Let l(j) = j - 1. Let u(q) = -q + 12. Let y be u(-27). Let g = y - 30. What is l(g)?
8
Let o(b) be the second derivative of -b**4/6 - b**3/2 - 3*b**2/2 + 7904*b. Give o(-3).
-12
Let l(j) = j**2 + 4*j + 5. Let v be l(-6). Let c = v + 1. Let z = -15 + c. Let h(u) = u**3 - 3*u**2 - 2*u + 2. What is h(z)?
-4
Let u(j) = -20*j**3 + 38*j**2 - 545*j - 25. Let c(f) = 7*f**3 - 12*f**2 + 184*f + 8. Let g(r) = -17*c(r) - 6*u(r). What is g(12)?
-10
Let f(n) = 5*n - 60. Suppose 38 = 4*m - 2*p, 75*m + p - 14 = 74*m. What is f(m)?
-5
Let m = -633 + 678. Suppose -40 = 40*y - m*y. Let o(g) = -g**3 + 9*g**2 - 10*g - 6. What is o(y)?
-22
Let k(a) be the first derivative of -a**4/4 + 10*a**3/3 - 5*a**2 - 18*a + 745. What is k(10)?
-118
Let j = -3483 - -3476. Let z(d) = 3*d + 3. What is z(j)?
-18
Suppose -4*k = 14 + 6. Let o(i) be the third derivative of -i**6/120 - i**5/15 + 5*i**4/24 - i**3 + 230*i**2 + 30. Calculate o(k).
-6
Let b = -18 - -28. Let v be b/4 - (-15)/(-30). Let h(y) = -3 - y + 406*y**v - 405*y**2 - 4. Calculate h(0).
-7
Let r(p) = 7*p + 30. Suppose 58*m = 62*m - 5*d + 19, -3*d = 3. Give r(m).
-12
Let q(v) = v**2 - 7*v + 31. Suppose 1 = -n + 2*f, 3*n = f + 12 - 0. Give q(n).
21
Let l be (-5)/(-2)*2 + 2 + 10 + -14. Let w(k) = 3*k**2 + 5*k + 3. Determine w(l).
45
Let u(n) be the second derivative of n**3/6 - 3*n**2 + 2*n. Suppose -3*t - 422*s + 426*s - 3 = 0, 2 = -4*t + 5*s. Calculate u(t).
1
Let u(p) = 15*p - 4 - 6*p - p + 262*p**3 - 5*p + 2*p**2 - 266*p**3. Determine u(2).
-22
Let j(r) = -2646*r**2 - 64 + 5279*r**2 - 2632*r**2 + 15*r. Determine j(-19).
12
Let j(f) = 17*f**3 - 107 - 54*f**2 + 105 + 56*f**2 - f. Determine j(-1).
-16
Let a(p) = -3*p**3 + p**2 + 15*p + 14. Let v be a(-1). Let d(g) = -3 + 6*g + v*g**2 - 18*g - 4*g**2. Determine d(-11).
8
Let y(o) = 8*o**3 + 10*o**2 - 17*o + 17. Let m(i) = -7*i**3 - i**2 - 2*i - 1. Let g(b) = m(b) + y(b). Give g(-11).
-17
Suppose 0*r - 66 = -2*r. Let g = r - 31. Let t(p) = -2*p + 0*p + 4*p - 4 - p**2 + 0*p**g. Calculate t(3).
-7
Let t(u) = -3 - 9*u - 4*u + 15*u. Let a be (12/3 + -4)*(-2)/4. Let j be -5 + 1 + (0 - a). Determine t(j).
-11
Let p(s) = -64*s + 4 + 4 + 129*s - 70*s. Let k(v) = 17*v - 25. Let n(o) = -2*k(o) - 7*p(o). Let x be 12/54 - 4/18. Give n(x).
-6
Let d be ((-19)/57)/((-1)/9). Let h(s) = 0 + 31*s - 12*s - 8*s - 16*s + 5. Determine h(d).
-10
Suppose 27*i - 49*i + 10 = 32. Let l(g) = 60*g + 1. Determine l(i).
-59
Suppose 4*k - 129 = 5*m - 151, -5*k + 40 = 5*m. Let p(i) be the second derivative of -i - 5/3*i**3 + 0 + 3/2*i**2. Determine p(k).
-17
Suppose 0 = s - j - 45, -30*s = -28*s - j - 94. Let k(n) = n**2 - 50*n + 56. Calculate k(s).
7
Let q(c) = -108*c - 2. Let u be q(-2). Suppose -5*w = u + 26. Let o = w - -49. Let v(j) = -j**3 - j**2 - j + 1. Give v(o).
-2
Let r(b) = b**3 + 8*b**2 + 6*b - 5. Let w be r(-8). Let z = w - -56. Let i(h) = -2*h + 16 - 13 + 0*h + z*h. Give i(-6).
-3
Let p(y) = y**3 + 22*y**2 + 18*y - 31. Let i(r) = -176*r - 901. Let s be i(-5). Give p(s).
32
Let t = -19 - -26. Suppose t + 1 = 4*k. Let d(n) = -2*n - n**3 - n**2 + 3*n**2 + 0*n**k + 16 - 15. What is d(3)?
-14
Let c = -274 - -290. Let o(i) = 10*i + 15*i**2 + c*i**2 - 33*i**2 + 3*i**2 + 9. Calculate o(-10).
9
Suppose -6*n - 130 = -6*n - 13*n. Let i(g) = g**3 - 12*g**2 + 6*g + 14. Calculate i(n).
-126
Let k be 1/(-4) - 1/(-4). Let c(v) = -v**3 + v**2 + 7*v - 14. Let u(t) = t**3 - 3*t + 10. Let z(d) = c(d) + 2*u(d). Calculate z(k).
6
Let d(x) be the second derivative of 8 - 2*x**2 - 1/6*x**4 - x + 13/6*x**3. Determine d(6).
2
Let z(l) = l**3 - 12*l**2 - 15*l + 30. Suppose 0 = -92*g + 89*g + 39. Let c be z(g). Let o = -8 + c. Let k(r) = r**3 + 3*r**2 - 4*r + 4. Give k(o).
4
Let k(l) = l**2 + 0*l**2 + 247842*l + 17 - 247843*l. What is k(8)?
73
Let n(u) be the third derivative of u**6/360 + 85*u**4/8 - 250*u**2. Let q(s) be the second derivative of n(s). Give q(5).
10
Let n(o) be the first derivative of 2*o**3/3 - 5*o**2/2 - 7*o + 3149. What is n(-2)?
11
Let o(z) = -7*z**3 + 4*z**2 - 85*z - 19. Let a(f) = -8*f**3 + 3*f**2 - 98*f - 18. Let p(w) = -6*a(w) + 7*o(w). Give p(9).
-7
Let b(r) = -1. Let y(z) = -z. Let l(g) = -12*b(g) + 4*y(g). Let a = 238509 - 238505. Give l(a).
-4
Let o(t) be the third derivative of t**6/360 - 7*t**5/120 + 5*t**4/24 + 6*t**3 + t**2 + 61*t. Let i(b) be the first derivative of o(b). Determine i(7).
5
Let b(m) = -3*m**2 - 3*m + 1. Let j be b(4). Let n = -57 - j. Let z be -6 - -2 - (-2)/n. Let a(o) = 4*o - 1. Calculate a(z).
-13
Let j = 1975 - 1981. Let s(x) = -x**3 - 8*x**2 - 3*x + 20. Determine s(j).
-34
Let b(i) be the third derivative of -i**6/120 - i**5/6 + 13*i**4/12 + 7*i**3/2 - 2052*i**2. Calculate b(-12).
-3
Let i(y) = y**3 - 2*y**2 - 4*y + 5. Let t be i(1). Suppose 10*m + 5*m - 30